Stormwatcher's Retreat Logo




  January 
  2021 

(Stormwatcher's Retreat has reports since Sep 2013)
                   MONTHLY CLIMATOLOGICAL SUMMARY for JAN. 2021

NAME: StormwatchersRetreat   CITY: Yachats   STATE: OR 
ELEV:    67 ft  LAT:  44° 18' 49" N  LONG: 124° 06' 28" W

                   TEMPERATURE (°F), RAIN  (in), WIND SPEED (mph)

                                      HEAT  COOL        AVG
    MEAN                              DEG   DEG         WIND                 DOM
DAY TEMP  HIGH   TIME   LOW    TIME   DAYS  DAYS  RAIN  SPEED HIGH   TIME    DIR
------------------------------------------------------------------------------------
 1  51.9  57.2  10:30a  48.7   3:50p  13.1   0.0  0.29  12.2  42.0  12:30p     S
 2  51.8  53.6   8:30p  50.6   1:20a  13.2   0.0  6.42  21.5  63.0  11:00p   SSW
 3  51.6  56.3   9:00p  48.2   7:40a  13.4   0.0  1.10   9.3  53.0   1:00a     S
 4  51.1  56.8   1:00a  47.1   4:30p  13.9   0.0  2.49  10.7  45.0   6:40a   SSW
 5  52.3  57.3   5:50p  48.0   2:00a  12.7   0.0  0.18  12.2  58.0  10:20p     S
 6  49.9  51.7  12:10a  48.4   1:10p  15.1   0.0  0.98   7.7  42.0  12:20a   SSW
 7  49.7  55.3  10:20p  45.6   7:50a  15.3   0.0  0.28   6.9  28.0  11:30a   ESE
 8  47.3  51.0  12:10a  41.0  11:50p  17.7   0.0  0.24   5.7  28.0   6:50a   ESE
 9  46.2  55.2   9:50p  40.3   2:20a  18.8   0.0  0.24   8.0  32.0  10:00p   ESE
10  50.5  51.9  11:30a  47.2   8:40p  14.5   0.0  0.03   5.5  23.0   2:10a     S
11  54.3  58.0   2:20p  49.5  12:50a  10.7   0.0  0.62  11.5  47.0  11:00p     S
12  55.0  56.2   9:10p  51.4  12:00m  10.0   0.0  1.41  26.6  55.0  12:10a   SSW
13  48.8  54.0   2:20p  43.9   7:50a  16.3   0.0  0.55   5.0  23.0   7:00p     E
14  53.3  60.6   1:00p  46.9   8:00a  11.7   0.0  0.06   7.5  23.0   8:20a     S
15  51.6  54.8   1:40a  48.0   7:40p  13.4   0.0  0.36   3.9  19.0  12:40a     S
16  50.5  54.2   3:10p  47.2  12:00m  14.5   0.0  0.00   4.2  20.0   9:40a   ESE
17  48.5  52.6   2:30p  42.5  12:00m  16.5   0.0  0.04   3.7  17.0   3:20p   ESE
18  44.5  51.0   2:10p  39.9   4:00a  20.5   0.0  0.01   4.3  16.0   2:40p     E
19  45.2  55.8   2:00p  37.1   7:50a  19.8   0.0  0.00   3.5  17.0   9:50a     E
20  46.0  50.6   1:30p  41.9   8:00a  19.0   0.0  0.00   4.5  18.0   2:50a   ESE
21  47.4  51.4  11:40a  44.0   9:20p  17.6   0.0  0.00   2.9  19.0   7:40a   ESE
22  44.2  49.4   2:10p  39.2  12:00m  20.8   0.0  0.00   3.2  19.0   2:10p   ESE
23  40.4  49.2   2:00p  35.5   4:30a  15.3   0.0  0.00   2.3  12.0  11:10a   ESE
24
25
26
27
28
29
30
31
-------------------------------------------------------------------------------------
    49.2  60.6    14    35.5    23   353.8   0.0 15.30   7.9  63.0     2       S

Max >=  90.0:  0
Max <=  32.0:  0
Min <=  32.0:  0
Min <=   0.0:  0
Max Rain: 6.42 ON 01/02/21
Days of Rain: 16 (>.01 in) 13 (>.1 in) 4 (>1 in)
Heat Base:  65.0  Cool Base:  65.0  Method: Integration
Email: AdamSPAM@StormwatchersRetreat.com (To send me email remove the word 'SPAM' from my email address.)