Stormwatcher's Retreat Logo




  March 
  2019 

(Stormwatcher's Retreat has reports since Sep 2013)
                   MONTHLY CLIMATOLOGICAL SUMMARY for MAR. 2019

NAME: StormwatchersRetreat   CITY: Yachats   STATE: OR 
ELEV:    67 ft  LAT:  44° 18' 49" N  LONG: 124° 06' 28" W

                   TEMPERATURE (°F), RAIN  (in), WIND SPEED (mph)

                                      HEAT  COOL        AVG
    MEAN                              DEG   DEG         WIND                 DOM
DAY TEMP  HIGH   TIME   LOW    TIME   DAYS  DAYS  RAIN  SPEED HIGH   TIME    DIR
------------------------------------------------------------------------------------
 1  43.4  49.4   5:00p  37.7  12:00m  21.6   0.0  0.14   4.3  18.0   4:10a   ESE
 2  44.7  54.2   3:10p  37.0   1:40a  20.3   0.0  0.00   7.8  20.0   4:50a     E
 3  41.7  50.7   4:00p  35.2   7:20a  23.3   0.0  0.00   8.3  22.0   5:10a     E
 4  37.6  46.6   3:30p  31.0   6:40a  27.4   0.0  0.00   5.7  19.0   7:20a   ESE
 5  39.7  46.7   4:10p  33.2   6:40a  25.3   0.0  0.00   6.8  24.0   7:00a   ESE
 6  40.9  45.6   4:30p  37.2   6:10a  24.1   0.0  0.11   4.5  20.0   1:20a   ESE
 7  42.5  47.3   4:50p  37.4  11:20p  22.5   0.0  0.09   4.8  25.0   7:50a     S
 8  39.8  44.9   1:30p  35.7   4:30a  25.2   0.0  0.34   4.0  22.0   2:10p   ESE
 9  42.0  52.6   4:50p  35.6  11:40p  23.0   0.0  0.02   5.6  19.0   9:50a   ESE
10  42.6  55.5   5:40p  32.4   8:00a  21.5   0.0  0.00   5.4  19.0  10:30p     E
11  46.0  52.6  11:20a  39.7   6:10a  19.0   0.0  0.08   7.5  29.0  11:30p   ESE
12  47.0  50.3   5:10p  43.9   9:50a  18.0   0.0  0.49  10.4  40.0   1:20a     N
13  46.3  51.1   6:30p  41.4  11:30p  18.7   0.0  0.02   4.3  20.0   6:00a     N
14  45.9  53.0   3:10p  40.6   6:50a  19.1   0.0  0.00   5.3  20.0   8:40a     E
15  48.7  57.3   1:50p  41.9   4:50a  16.3   0.0  0.00   5.1  18.0   5:30a   ESE
16  49.7  55.3   2:40p  44.5   4:00a  15.3   0.0  0.00   3.5  17.0   8:00a    NE
17  54.0  61.4   8:50p  44.7   3:10a  11.0   0.0  0.00   5.6  25.0  12:00m    NE
18  62.6  80.8   3:50p  52.2   8:20a   3.8   2.1  0.00  10.2  28.0   2:40a     E
19
20
21
22
23
24
25
26
27
28
29
30
31
-------------------------------------------------------------------------------------
    45.3  80.8    18    31.0     4   355.4   2.1  1.29   6.1  40.0    12     ESE

Max >=  90.0:  0
Max <=  32.0:  0
Min <=  32.0:  1
Min <=   0.0:  0
Max Rain: 0.49 ON 03/12/19
Days of Rain: 8 (>.01 in) 4 (>.1 in) 0 (>1 in)
Heat Base:  65.0  Cool Base:  65.0  Method: Integration
Email: AdamSPAM@StormwatchersRetreat.com (To send me email remove the word 'SPAM' from my email address.)