Stormwatcher's Retreat Logo




  July 
  2019 

(Stormwatcher's Retreat has reports since Sep 2013)
                   MONTHLY CLIMATOLOGICAL SUMMARY for JUL. 2019

NAME: StormwatchersRetreat   CITY: Yachats   STATE: OR 
ELEV:    67 ft  LAT:  44° 18' 49" N  LONG: 124° 06' 28" W

                   TEMPERATURE (°F), RAIN  (in), WIND SPEED (mph)

                                      HEAT  COOL        AVG
    MEAN                              DEG   DEG         WIND                 DOM
DAY TEMP  HIGH   TIME   LOW    TIME   DAYS  DAYS  RAIN  SPEED HIGH   TIME    DIR
------------------------------------------------------------------------------------
 1  58.8  60.9   9:00a  57.4  11:40p   6.2   0.0  0.00   1.6   9.0  12:20a   ENE
 2  60.4  66.9   3:40p  56.9   6:20a   4.6   0.0  0.00   3.0  12.0  12:50p    NE
 3  60.7  67.9   4:20p  54.6   5:40a   4.6   0.3  0.00   3.8  15.0   5:10p    NE
 4  61.6  67.8   3:10p  53.9   4:20a   3.7   0.3  0.00   5.1  15.0   1:10p    NE
 5  60.1  65.6   3:10p  57.3   5:20a   4.9   0.0  0.00   2.2  11.0   4:40p    NE
 6  60.2  67.2   6:00p  56.2   8:00a   5.0   0.1  0.00   2.5  10.0   8:50a   SSW
 7  61.3  68.4   3:40p  54.3   5:20a   4.2   0.5  0.00   4.6  17.0   4:00p    NE
 8  62.2  68.6   4:40p  57.1  12:00m   3.2   0.4  0.00   3.6  12.0   5:10p    NE
 9  59.1  60.7   4:50p  57.3  12:10a   5.9   0.0  0.27   6.1  22.0   1:20p   SSW
10  62.8  65.5  11:00a  59.2  12:10a   2.2   0.0  0.00   8.4  25.0   9:40a   SSW
11  61.6  68.9   4:50p  59.0   4:30a   3.6   0.2  0.00   4.0  13.0   5:20p   SSW
12  61.5  65.5   4:40p  59.0   5:00a   3.5   0.0  0.01   3.5  11.0   4:10p   ENE
13  64.2  69.8   4:20p  61.3  12:10a   1.6   0.8  0.00   5.1  19.0   7:00p   ENE
14  63.3  69.9   4:40p  56.3   5:20a   2.8   1.1  0.00   4.4  18.0   2:00p    NE
15  61.9  65.2  11:10a  58.9   9:30a   3.1   0.0  0.03   3.9  18.0   1:20p   SSW
16  64.1  70.0   3:10p  60.5   3:00a   1.9   1.0  0.06   2.4   9.0   2:30p    NE
17  62.7  66.7   4:40p  59.0   5:10a   2.3   0.1  0.06   5.7  21.0  11:10a   SSW
18  63.2  68.6   4:00p  58.9  11:30p   2.5   0.7  0.07   5.5  17.0   2:50p   ENE
19  59.1  59.3  12:10a  58.8   2:50a   0.7   0.0  0.00   6.2  22.0   1:40a     E
20
21
22
23
24
25
26
27
28
29
30
31
-------------------------------------------------------------------------------------
    61.5  70.0    16    53.9     4    66.5   5.5  0.50   4.3  25.0    10      NE

Max >=  90.0:  0
Max <=  32.0:  0
Min <=  32.0:  0
Min <=   0.0:  0
Max Rain: 0.27 ON 07/09/19
Days of Rain: 5 (>.01 in) 1 (>.1 in) 0 (>1 in)
Heat Base:  65.0  Cool Base:  65.0  Method: Integration
Email: AdamSPAM@StormwatchersRetreat.com (To send me email remove the word 'SPAM' from my email address.)