Stormwatcher's Retreat Logo




  April 
  2021 

(Stormwatcher's Retreat has reports since Sep 2013)
                   MONTHLY CLIMATOLOGICAL SUMMARY for APR. 2021

NAME: StormwatchersRetreat   CITY: Yachats   STATE: OR 
ELEV:    67 ft  LAT:  44° 18' 49" N  LONG: 124° 06' 28" W

                   TEMPERATURE (°F), RAIN  (in), WIND SPEED (mph)

                                      HEAT  COOL        AVG
    MEAN                              DEG   DEG         WIND                 DOM
DAY TEMP  HIGH   TIME   LOW    TIME   DAYS  DAYS  RAIN  SPEED HIGH   TIME    DIR
------------------------------------------------------------------------------------
 1  46.6  52.8   2:30p  41.0   3:30a  18.4   0.0  0.00   4.6  16.0   4:00p    NE
 2  48.3  54.3   2:20p  43.6   3:00a  16.7   0.0  0.00   4.1  15.0   6:20p     E
 3  48.8  54.8   2:50p  42.1   3:40a  16.2   0.0  0.00   4.4  18.0   6:10p   ENE
 4  47.8  51.1   3:10p  42.8  11:40p  17.2   0.0  0.00   9.4  26.0   3:00p   ENE
 5  44.9  51.7   2:10p  36.1   5:00a  20.1   0.0  0.00   6.1  21.0   5:00p   ENE
 6  45.5  51.2   3:40p  37.1   6:00a  19.5   0.0  0.00   6.4  20.0   1:20p    NE
 7  47.0  51.1   4:00p  44.7   7:40a  18.0   0.0  0.07   6.8  20.0   5:10p   SSW
 8  47.8  52.3   3:20p  43.1  12:00m  17.2   0.0  0.06   7.4  23.0  12:50a    NE
 9  45.9  54.2   3:30p  36.7   4:20a  19.1   0.0  0.00   4.6  22.0  12:00m   ESE
10  47.4  50.3   1:30p  43.0   8:40p  15.2   0.0  0.08   9.6  22.0  12:10a     N
11
12
13
14
15
16
17
18
19
20
21
22
23
24
25
26
27
28
29
30
-------------------------------------------------------------------------------------
    47.0  54.8     3    36.1     5   177.6   0.0  0.21   6.3  26.0     4     ENE

Max >=  90.0:  0
Max <=  32.0:  0
Min <=  32.0:  0
Min <=   0.0:  0
Max Rain: 0.08 ON 04/10/21
Days of Rain: 3 (>.01 in) 0 (>.1 in) 0 (>1 in)
Heat Base:  65.0  Cool Base:  65.0  Method: Integration
Email: AdamSPAM@StormwatchersRetreat.com (To send me email remove the word 'SPAM' from my email address.)