Stormwatcher's Retreat Logo




  November 
  2017 

(Stormwatcher's Retreat has reports since Sep 2013)
                   MONTHLY CLIMATOLOGICAL SUMMARY for NOV. 2017

NAME: StormwatchersRetreat   CITY: Yachats   STATE: OR 
ELEV:    67 ft  LAT:  44° 18' 49" N  LONG: 124° 06' 28" W

                   TEMPERATURE (°F), RAIN  (in), WIND SPEED (mph)

                                      HEAT  COOL        AVG
    MEAN                              DEG   DEG         WIND                 DOM
DAY TEMP  HIGH   TIME   LOW    TIME   DAYS  DAYS  RAIN  SPEED HIGH   TIME    DIR
------------------------------------------------------------------------------------
 1  52.9  56.7   4:20p  49.6   4:10a  12.1   0.0  0.09   2.0  13.0   2:30p   SSW
 2  52.5  54.2   1:10p  50.5   2:50a  12.5   0.0  0.06   9.4  25.0   1:40p   SSW
 3  49.4  52.4   2:50p  43.5  12:00m  15.6   0.0  0.01   7.5  20.0   3:30a    SW
 4  46.1  51.4   5:30p  40.3   8:10a  18.9   0.0  0.19   7.4  43.0  10:30p     S
 5  49.1  53.7   3:10p  42.3  11:50p  15.9   0.0  0.15   6.1  29.0   8:00a    SE
 6  45.2  57.4   4:00p  40.9  10:20p  19.8   0.0  0.29   3.4  18.0  10:30p     E
 7  46.5  53.3   1:00p  41.3   2:40a  18.5   0.0  0.00   4.8  18.0  12:20a     E
 8  51.6  56.2   9:30p  47.2  10:00a  13.4   0.0  0.52   6.8  29.0   7:00p     S
 9  53.6  56.4   3:40p  49.2   4:40a  11.4   0.0  0.51  11.1  41.0   4:10a     S
10  52.4  55.0  10:20a  49.6   5:50a  12.6   0.0  0.73   4.0  26.0   4:40a     S
11  54.9  57.0  10:10p  52.5   7:20a  10.1   0.0  0.10  10.2  32.0   8:30a     S
12  56.8  60.9   3:00p  52.4  12:00m   8.2   0.0  0.31  10.5  56.0  11:10p     S
13  52.8  55.4   2:40a  48.9  10:10a  12.2   0.0  0.15  18.0  48.0   7:20a   SSW
14  53.8  57.1   2:00p  50.7   5:50a  11.2   0.0  0.05  13.8  45.0  11:40p     S
15  49.7  55.6  12:10a  46.0   9:20p  15.3   0.0  1.33   7.9  50.0   4:40a     S
16  49.4  51.8  11:50p  46.0   8:40a  15.6   0.0  0.25   8.4  28.0   1:40p     S
17  50.2  53.3   3:50p  43.3  11:50p  14.8   0.0  0.03   6.5  21.0   2:20p     W
18  42.3  43.3  12:10a  41.4   3:50a   3.6   0.0  0.00   6.0  15.0  12:10a     E
19
20
21
22
23
24
25
26
27
28
29
30
-------------------------------------------------------------------------------------
    50.5  60.9    12    40.3     4   241.7   0.0  4.77   8.0  56.0    12       S

Max >=  90.0:  0
Max <=  32.0:  0
Min <=  32.0:  0
Min <=   0.0:  0
Max Rain: 1.33 ON 11/15/17
Days of Rain: 15 (>.01 in) 10 (>.1 in) 1 (>1 in)
Heat Base:  65.0  Cool Base:  65.0  Method: Integration
Email: AdamSPAM@StormwatchersRetreat.com (To send me email remove the word 'SPAM' from my email address.)