Stormwatcher's Retreat Logo




  November 
  2018 

(Stormwatcher's Retreat has reports since Sep 2013)
                   MONTHLY CLIMATOLOGICAL SUMMARY for NOV. 2018

NAME: StormwatchersRetreat   CITY: Yachats   STATE: OR 
ELEV:    67 ft  LAT:  44° 18' 49" N  LONG: 124° 06' 28" W

                   TEMPERATURE (°F), RAIN  (in), WIND SPEED (mph)

                                      HEAT  COOL        AVG
    MEAN                              DEG   DEG         WIND                 DOM
DAY TEMP  HIGH   TIME   LOW    TIME   DAYS  DAYS  RAIN  SPEED HIGH   TIME    DIR
------------------------------------------------------------------------------------
 1  58.1  59.9   2:40p  56.2   6:50a   6.9   0.0  0.08   5.9  17.0   4:20a   SSW
 2  57.6  63.0   3:20p  54.0  11:50p   7.4   0.0  0.12   5.9  33.0   5:30a   SSW
 3  53.3  56.7  12:40p  49.9   7:30a  11.7   0.0  0.02   2.5  13.0   5:20a   ESE
 4  56.0  58.8   3:20p  52.8  11:20p   9.0   0.0  0.41   5.1  29.0   4:20a   SSW
 5  53.2  56.6   3:20p  50.1   6:20a  11.8   0.0  0.07   1.9  12.0   1:20p   SSE
 6  51.7  60.1   2:10p  46.7  11:30p  13.3   0.0  0.00   2.1  11.0   2:50p   ESE
 7  49.1  58.5   2:30p  43.4   8:00a  15.9   0.0  0.00   4.7  16.0   9:40p   ESE
 8  49.2  58.2   2:30p  43.2   7:40a  15.8   0.0  0.00   8.5  24.0   9:20a     E
 9  50.0  57.8   2:00p  44.0   5:10a  15.0   0.0  0.00   5.9  24.0   3:20a   ESE
10  48.4  56.7   3:10p  41.9   7:20a  16.6   0.0  0.00   6.1  26.0  10:30p     E
11  52.8  66.2   3:20p  44.1  12:10a  12.2   0.0  0.00  10.1  34.0  11:10p     E
12  53.2  64.1  11:50a  50.3   5:30a   5.8   0.0  0.00  14.1  35.0   1:00a     E
13
14
15
16
17
18
19
20
21
22
23
24
25
26
27
28
29
30
-------------------------------------------------------------------------------------
    52.7  66.2    11    41.9    10   141.4   0.0  0.70   6.1  35.0    12       E

Max >=  90.0:  0
Max <=  32.0:  0
Min <=  32.0:  0
Min <=   0.0:  0
Max Rain: 0.41 ON 11/04/18
Days of Rain: 5 (>.01 in) 2 (>.1 in) 0 (>1 in)
Heat Base:  65.0  Cool Base:  65.0  Method: Integration
Email: AdamSPAM@StormwatchersRetreat.com (To send me email remove the word 'SPAM' from my email address.)