Stormwatcher's Retreat Logo




  September 
  2018 

(Stormwatcher's Retreat has reports since Sep 2013)
                   MONTHLY CLIMATOLOGICAL SUMMARY for SEP. 2018

NAME: StormwatchersRetreat   CITY: Yachats   STATE: OR 
ELEV:    67 ft  LAT:  44° 18' 49" N  LONG: 124° 06' 28" W

                   TEMPERATURE (°F), RAIN  (in), WIND SPEED (mph)

                                      HEAT  COOL        AVG
    MEAN                              DEG   DEG         WIND                 DOM
DAY TEMP  HIGH   TIME   LOW    TIME   DAYS  DAYS  RAIN  SPEED HIGH   TIME    DIR
------------------------------------------------------------------------------------
 1  57.5  65.7   2:50p  51.5   7:30a   7.5   0.0  0.00   5.7  23.0   4:10p   ENE
 2  55.1  61.1   3:20p  48.5   6:30a   9.9   0.0  0.00   7.1  30.0   4:50p   ENE
 3  56.2  62.5   4:50p  50.8  10:50p   8.8   0.0  0.00   7.6  29.0   5:10p   ENE
 4  53.2  61.5   5:10p  47.8   7:00a  11.8   0.0  0.00   6.0  22.0   5:00p   ENE
 5  54.6  65.1   5:10p  47.9   6:10a  10.4   0.0  0.00   2.3  11.0   4:40p   ENE
 6  57.5  64.2   5:20p  52.9   5:00a   7.5   0.0  0.00   2.1  10.0   2:10p   ENE
 7  57.5  61.9   7:30p  53.3  10:00a   7.5   0.0  0.00   3.7  15.0   8:00p   SSW
 8  59.0  63.6   4:30p  55.4  11:10p   6.0   0.0  0.00   2.5  15.0   9:50a   SSW
 9  56.7  61.4   9:20p  53.0  10:00a   8.3   0.0  0.00   4.4  17.0  12:00m   SSW
10  58.8  61.6   6:30p  56.2  11:30p   6.2   0.0  0.04   4.9  19.0  12:40a   SSW
11  58.0  60.9   4:10p  55.0   6:30a   7.0   0.0  0.02   5.9  23.0  10:50a   SSW
12  58.0  61.5   5:00p  54.1   7:20a   7.0   0.0  0.01   5.2  22.0   1:00p   SSW
13  57.5  60.5   1:50p  54.1  11:30p   7.5   0.0  0.06   6.0  25.0  12:20p   SSW
14  53.3  55.6   3:20p  50.3   7:10a  11.7   0.0  0.01   3.4  12.0   8:30a   SSW
15  56.4  60.9   3:50p  49.6   7:00a   8.6   0.0  0.01   7.6  29.0  12:00m   SSW
16  58.4  61.7   3:20p  54.8  12:00m   6.6   0.0  0.07   9.4  38.0   4:50a   SSW
17  56.7  63.8   4:20p  51.3   7:30a   8.3   0.0  0.00   5.3  21.0   7:10p    NE
18  55.8  63.2   3:20p  48.8   2:50a   9.2   0.0  0.00   4.8  17.0  12:40p   ENE
19  56.4  64.0   6:00p  51.0   7:00a   8.6   0.0  0.00   2.2  10.0   3:30a     E
20  57.5  65.3   3:10p  51.4   5:20a   7.5   0.0  0.00   3.5  16.0   4:50p   ESE
21  57.6  63.5   9:40p  51.9   5:40a   7.4   0.0  0.02   4.7  30.0  11:40p   SSW
22
23
24
25
26
27
28
29
30
-------------------------------------------------------------------------------------
    56.7  65.7     1    47.8     4   173.3   0.0  0.24   5.0  38.0    16     SSW

Max >=  90.0:  0
Max <=  32.0:  0
Min <=  32.0:  0
Min <=   0.0:  0
Max Rain: 0.07 ON 09/16/18
Days of Rain: 5 (>.01 in) 0 (>.1 in) 0 (>1 in)
Heat Base:  65.0  Cool Base:  65.0  Method: Integration
Email: AdamSPAM@StormwatchersRetreat.com (To send me email remove the word 'SPAM' from my email address.)