Stormwatcher's Retreat Logo




  January 
  2018 

(Stormwatcher's Retreat has reports since Sep 2013)
                   MONTHLY CLIMATOLOGICAL SUMMARY for JAN. 2018

NAME: StormwatchersRetreat   CITY: Yachats   STATE: OR 
ELEV:    67 ft  LAT:  44° 18' 49" N  LONG: 124° 06' 28" W

                   TEMPERATURE (°F), RAIN  (in), WIND SPEED (mph)

                                      HEAT  COOL        AVG
    MEAN                              DEG   DEG         WIND                 DOM
DAY TEMP  HIGH   TIME   LOW    TIME   DAYS  DAYS  RAIN  SPEED HIGH   TIME    DIR
------------------------------------------------------------------------------------
 1  47.4  55.7   1:40p  42.4   8:20a  17.6   0.0  0.00   5.5  24.0  11:40p     E
 2  47.8  53.7   1:50p  44.4   7:20a  17.2   0.0  0.00   6.4  29.0   1:40a   ESE
 3  50.0  57.9   3:10p  45.0   7:30a  15.0   0.0  0.00   8.2  30.0   6:50a     E
 4  50.3  53.7  12:10p  46.5   6:00a  14.7   0.0  0.33   4.9  25.0   2:00a     E
 5  52.5  57.5   8:50a  46.8  12:00m  12.5   0.0  0.33  12.0  47.0  12:00p     S
 6  45.4  51.4   4:00p  42.5   4:50a  19.6   0.0  0.04   1.3  12.0   7:50p   ESE
 7  48.1  51.0   2:50p  43.2  12:10a  16.9   0.0  0.01   4.5  22.0   6:00p     S
 8  49.9  52.2  12:10p  47.8   6:30a  15.1   0.0  0.14   2.7  19.0   3:30a   ESE
 9  48.2  50.6   4:10p  44.7  10:50p  16.8   0.0  0.39   4.4  23.0   7:10a     N
10  48.1  53.5   4:30p  42.6   7:50a  16.9   0.0  0.20   5.8  27.0  12:00m     S
11  52.8  54.8   1:30p  51.6  12:10a  12.2   0.0  0.31  20.8  51.0   5:20a   SSW
12  52.2  54.2   6:00p  50.0   8:10a  12.8   0.0  0.00   8.6  30.0   4:50a   SSW
13  55.1  63.6   3:10p  48.4   7:40a   9.9   0.0  0.00   8.5  30.0   9:40p     E
14  58.4  67.8   2:00p  54.2  11:20p   6.7   0.1  0.00   5.4  26.0  12:10a     E
15  54.4  61.1   4:20p  49.1   7:20a  10.6   0.0  0.14   7.5  31.0   8:10p     E
16  53.5  59.1   3:30p  50.6   8:30p  11.5   0.0  0.01   6.5  31.0   1:50a     S
17  56.3  64.5  12:10p  51.6   4:40a   8.7   0.0  0.10  13.8  53.0   4:00p     S
18  49.0  54.1  12:10a  43.9  12:30p  16.0   0.0  0.38  10.0  38.0  12:10a     S
19  46.9  50.0  11:50p  44.4   7:10a  18.1   0.0  0.53   6.8  29.0   3:50a     S
20  48.7  51.7  12:00m  45.8   5:10a  16.3   0.0  0.14   8.9  32.0  11:10p     S
21  50.5  52.5   2:40a  48.3  10:30a   9.8   0.0  0.27  14.3  54.0   8:10a     S
22
23
24
25
26
27
28
29
30
31
-------------------------------------------------------------------------------------
    50.7  67.8    14    42.4     1   294.9   0.1  3.32   7.9  54.0    21       S

Max >=  90.0:  0
Max <=  32.0:  0
Min <=  32.0:  0
Min <=   0.0:  0
Max Rain: 0.53 ON 01/19/18
Days of Rain: 13 (>.01 in) 11 (>.1 in) 0 (>1 in)
Heat Base:  65.0  Cool Base:  65.0  Method: Integration
Email: AdamSPAM@StormwatchersRetreat.com (To send me email remove the word 'SPAM' from my email address.)