Stormwatcher's Retreat Logo




  August 
  2019 

(Stormwatcher's Retreat has reports since Sep 2013)
                   MONTHLY CLIMATOLOGICAL SUMMARY for AUG. 2019

NAME: StormwatchersRetreat   CITY: Yachats   STATE: OR 
ELEV:    67 ft  LAT:  44° 18' 49" N  LONG: 124° 06' 28" W

                   TEMPERATURE (°F), RAIN  (in), WIND SPEED (mph)

                                      HEAT  COOL        AVG
    MEAN                              DEG   DEG         WIND                 DOM
DAY TEMP  HIGH   TIME   LOW    TIME   DAYS  DAYS  RAIN  SPEED HIGH   TIME    DIR
------------------------------------------------------------------------------------
 1  62.6  67.4   8:00p  58.1   7:00a   2.7   0.2  0.00   5.3  24.0   8:50p   SSW
 2  64.9  69.0   6:40p  61.7  12:00m   0.8   0.7  0.00   5.7  20.0   2:40a   SSW
 3  62.5  66.9   2:50p  59.2  10:30p   2.6   0.1  0.00   6.9  22.0   2:30p   ENE
 4  61.6  67.9   2:30p  57.1   7:20a   3.7   0.3  0.00   5.7  15.0  12:20p   ENE
 5  62.7  66.6   3:50p  59.5   5:00a   2.4   0.1  0.00   5.0  16.0   2:50p   ENE
 6  61.8  65.5   4:10p  58.7   7:30a   3.2   0.0  0.00   3.7  13.0   2:40a   ENE
 7  60.1  63.0   7:00p  56.3  10:00a   4.9   0.0  0.00   1.3   7.0  10:30a   SSW
 8  61.1  64.0   7:00p  58.5   1:50a   3.9   0.0  0.01   1.1   8.0   9:10a   ENE
 9  63.3  70.2   4:10p  58.9   6:50a   2.4   0.7  0.00   3.2  14.0   2:30p    NE
10  61.0  67.2   7:30p  56.4   3:50a   4.1   0.1  0.00   1.5  12.0   1:00a   SSW
11  63.3  70.6   6:40p  58.5   3:20a   2.6   0.9  0.00   2.5  10.0  12:10p   SSW
12  63.8  72.4   3:10p  59.0   7:10a   2.7   1.5  0.00   3.8  15.0   4:40p   ENE
13  64.9  73.1   3:40p  56.6   6:00a   2.3   2.1  0.00   3.5  14.0   4:10p    NE
14  64.9  70.0   5:50p  59.4   4:50a   1.2   1.2  0.00   4.5  16.0   4:00p    NE
15  65.1  70.7   3:10p  60.3   3:20a   1.2   1.3  0.00   7.2  20.0   3:10p    NE
16  64.1  69.3   2:00p  60.4   9:10p   1.8   0.9  0.00   6.9  19.0  12:30a   ENE
17  63.2  68.8   3:30p  57.4   3:40a   2.6   0.7  0.00   5.1  19.0   7:20p    NE
18  60.7  61.1   1:10a  59.7   1:30a   0.3   0.0  0.00   4.1  13.0  12:20a   ENE
19
20
21
22
23
24
25
26
27
28
29
30
31
-------------------------------------------------------------------------------------
    62.9  73.1    13    56.3     7    45.4  10.8  0.01   4.3  24.0     1     ENE

Max >=  90.0:  0
Max <=  32.0:  0
Min <=  32.0:  0
Min <=   0.0:  0
Max Rain: 0.01 ON 08/08/19
Days of Rain: 0 (>.01 in) 0 (>.1 in) 0 (>1 in)
Heat Base:  65.0  Cool Base:  65.0  Method: Integration
Email: AdamSPAM@StormwatchersRetreat.com (To send me email remove the word 'SPAM' from my email address.)