Stormwatcher's Retreat Logo




  May 
  2019 

(Stormwatcher's Retreat has reports since Sep 2013)
                   MONTHLY CLIMATOLOGICAL SUMMARY for MAY. 2019

NAME: StormwatchersRetreat   CITY: Yachats   STATE: OR 
ELEV:    67 ft  LAT:  44° 18' 49" N  LONG: 124° 06' 28" W

                   TEMPERATURE (°F), RAIN  (in), WIND SPEED (mph)

                                      HEAT  COOL        AVG
    MEAN                              DEG   DEG         WIND                 DOM
DAY TEMP  HIGH   TIME   LOW    TIME   DAYS  DAYS  RAIN  SPEED HIGH   TIME    DIR
------------------------------------------------------------------------------------
 1  52.0  59.6   3:40p  42.9   4:50a  13.0   0.0  0.00   5.5  15.0   4:20p    NE
 2  52.0  57.7   3:50p  48.5   6:10a  13.0   0.0  0.00   5.7  19.0   2:40p   ENE
 3  51.6  57.8   3:20p  43.7   6:10a  13.4   0.0  0.00   6.9  20.0   1:50p   ENE
 4  51.5  57.8   3:30p  46.6   2:30a  13.5   0.0  0.00   7.7  23.0   1:40p   ENE
 5  52.6  58.8   3:50p  49.1   4:10a  12.4   0.0  0.00   7.0  18.0  11:40a   ENE
 6  52.3  57.8   5:50p  47.3   4:10a  12.7   0.0  0.00   7.3  22.0   4:40p   ENE
 7  54.9  62.0   3:50p  50.5   4:50a  10.1   0.0  0.00   7.6  19.0   1:10a   ENE
 8  53.5  58.9   2:40p  51.1  11:10p  11.5   0.0  0.00   6.9  18.0   2:50p   ENE
 9  65.9  89.9   3:50p  48.5   4:50a   5.3   6.2  0.00   5.9  23.0  12:00p   ENE
10  57.4  69.0   8:30a  51.2   4:20p   7.7   0.1  0.00   4.0  18.0   7:40a   SSW
11  54.2  56.6  12:40a  52.1  11:00a  10.8   0.0  0.00   3.1  11.0  12:40a   ENE
12  54.6  58.5   1:20p  52.4  11:40p  10.4   0.0  0.00   2.5  10.0   4:20p    NE
13  52.8  55.5   4:10p  51.1   5:50a  12.2   0.0  0.00   3.4  11.0  11:20a   SSW
14  52.8  55.5   7:40p  51.3   5:00a  12.2   0.0  0.14   8.9  28.0   9:00a   SSW
15  54.2  58.4   7:50p  50.0   5:20a  10.8   0.0  0.04   5.2  26.0   1:30p     E
16  55.3  60.5   1:20p  52.1   6:00a   9.7   0.0  0.15   5.2  39.0   4:40a   SSW
17  53.2  55.2   1:00p  50.9   5:40a  11.8   0.0  0.03  10.5  39.0   2:50p   SSW
18  54.6  59.0  12:50p  52.8   2:00a  10.4   0.0  0.15   3.8  24.0   7:40p   SSW
19  54.6  61.6   5:20p  47.9   6:00a  10.4   0.0  0.01   3.8  14.0  12:30a     N
20  52.6  58.1   4:00p  47.9   3:20a  12.4   0.0  0.08   8.4  39.0   5:40p   SSW
21  53.8  58.6   6:30p  49.6   5:40a  11.2   0.0  0.27   5.1  23.0  12:10a   ESE
22  55.0  56.7   1:10p  53.5  11:30p  10.0   0.0  0.00   5.6  16.0   8:30p     N
23  54.5  56.3   3:00p  53.2   7:20a  10.5   0.0  0.01   5.4  17.0   4:30a    NE
24  53.5  53.7  12:10a  53.4   1:30a   0.9   0.0  0.00   1.3   9.0  12:10a   ENE
25
26
27
28
29
30
31
-------------------------------------------------------------------------------------
    54.1  89.9     9    42.9     1   256.3   6.3  0.88   5.7  39.0    16     ENE

Max >=  90.0:  0
Max <=  32.0:  0
Min <=  32.0:  0
Min <=   0.0:  0
Max Rain: 0.27 ON 05/21/19
Days of Rain: 7 (>.01 in) 4 (>.1 in) 0 (>1 in)
Heat Base:  65.0  Cool Base:  65.0  Method: Integration
Email: AdamSPAM@StormwatchersRetreat.com (To send me email remove the word 'SPAM' from my email address.)