Stormwatcher's Retreat Logo




  October 
  2020 

(Stormwatcher's Retreat has reports since Sep 2013)
                   MONTHLY CLIMATOLOGICAL SUMMARY for OCT. 2020

NAME: StormwatchersRetreat   CITY: Yachats   STATE: OR 
ELEV:    67 ft  LAT:  44° 18' 49" N  LONG: 124° 06' 28" W

                   TEMPERATURE (°F), RAIN  (in), WIND SPEED (mph)

                                      HEAT  COOL        AVG
    MEAN                              DEG   DEG         WIND                 DOM
DAY TEMP  HIGH   TIME   LOW    TIME   DAYS  DAYS  RAIN  SPEED HIGH   TIME    DIR
------------------------------------------------------------------------------------
 1  58.1  60.5   1:50p  56.7   8:10a   6.9   0.0  0.00   3.9  14.0   4:20p   NNE
 2  58.6  63.8   4:20p  55.8   6:00a   6.4   0.0  0.01   3.3  15.0  10:10p   ENE
 3  58.0  62.2  12:20p  55.0   8:10a   7.0   0.0  0.00   6.4  19.0   3:20p   ENE
 4  59.3  66.9   3:30p  55.1  11:20p   5.8   0.1  0.00   4.5  20.0   5:50p   ENE
 5  58.3  64.5   2:20p  53.2   4:10a   6.7   0.0  0.00   5.0  19.0   2:00p   ENE
 6  59.7  66.4   2:30p  52.6   2:50a   5.4   0.1  0.00   4.3  15.0   3:20p   ENE
 7  55.2  56.7  10:40p  53.0   8:10a   9.8   0.0  0.00   3.6  14.0   2:40p     S
 8  56.0  57.7   3:30p  54.3  12:00m   9.0   0.0  0.00   3.4  12.0  11:30a     S
 9  56.4  60.4   4:40p  52.9   4:00a   8.6   0.0  0.02   7.3  36.0  10:30p     S
10  58.7  60.0   2:30p  56.8   8:10a   6.3   0.0  0.66   6.9  37.0   2:10a     S
11  59.0  60.9   3:20p  57.5   1:10p   6.0   0.0  0.15  15.0  44.0   7:50p     S
12  58.8  61.9   2:10p  56.2  11:00p   6.2   0.0  0.01   2.7  16.0  12:10a     S
13  59.2  61.8   3:40a  53.7  12:00m   5.8   0.0  0.06   8.6  45.0   8:10a     S
14  55.9  66.0   5:00p  50.9  12:00m   9.1   0.0  0.01   2.0   9.0   8:00a    SE
15  55.1  62.3   3:30p  47.2   7:40a   9.9   0.0  0.00   5.3  20.0   4:00p     E
16  59.3  67.1   3:00p  50.8   5:50a   5.8   0.1  0.00   4.4  15.0  12:30a   ENE
17  57.6  63.7   3:10p  50.5  12:00m   7.4   0.0  0.04   4.3  16.0   1:30p   ENE
18  55.2  59.4   2:20p  49.9   1:00a   9.8   0.0  0.02   3.1  13.0   4:20p     S
19  57.1  65.5   4:50p  52.5  11:50p   7.9   0.0  0.03   2.2  13.0   8:50p   ESE
20  56.2  64.5   4:00p  50.5   6:00a   8.8   0.0  0.00   4.3  14.0   9:40a   ENE
21  54.6  61.8   1:50p  48.3  12:00m  10.4   0.0  0.00   5.1  22.0   2:20p   ENE
22  49.8  58.8   4:00p  42.6   7:40a  15.2   0.0  0.00   5.7  18.0   3:00p     E
23  51.2  57.2  11:00p  45.1   6:20a  13.8   0.0  0.02   6.7  22.0   4:20p     S
24  53.8  58.9   5:10p  45.5  12:00m  11.2   0.0  0.00   4.5  19.0   4:10a    NE
25  45.7  59.7   4:30p  36.1   7:30a  14.2   0.0  0.00   4.9  20.0   3:10a   ENE
26
27
28
29
30
31
-------------------------------------------------------------------------------------
    56.3  67.1    16    36.1    25   213.4   0.3  1.03   5.1  45.0    13       S

Max >=  90.0:  0
Max <=  32.0:  0
Min <=  32.0:  0
Min <=   0.0:  0
Max Rain: 0.66 ON 10/10/20
Days of Rain: 8 (>.01 in) 2 (>.1 in) 0 (>1 in)
Heat Base:  65.0  Cool Base:  65.0  Method: Integration
Email: AdamSPAM@StormwatchersRetreat.com (To send me email remove the word 'SPAM' from my email address.)