Stormwatcher's Retreat Logo




  June 
  2018 

(Stormwatcher's Retreat has reports since Sep 2013)
                   MONTHLY CLIMATOLOGICAL SUMMARY for JUN. 2018

NAME: StormwatchersRetreat   CITY: Yachats   STATE: OR 
ELEV:    67 ft  LAT:  44° 18' 49" N  LONG: 124° 06' 28" W

                   TEMPERATURE (°F), RAIN  (in), WIND SPEED (mph)

                                      HEAT  COOL        AVG
    MEAN                              DEG   DEG         WIND                 DOM
DAY TEMP  HIGH   TIME   LOW    TIME   DAYS  DAYS  RAIN  SPEED HIGH   TIME    DIR
------------------------------------------------------------------------------------
 1  54.5  62.4   5:10p  47.6   5:00a  10.5   0.0  0.00   2.7  11.0   5:40a   ESE
 2  57.6  64.2   3:20p  50.0   2:40a   7.4   0.0  0.00   5.4  18.0   5:40p    NE
 3  56.7  61.4   1:40p  53.6  11:40p   8.3   0.0  0.00   4.4  15.0   4:30a   ENE
 4  55.9  63.0   3:50p  50.9   4:40a   9.1   0.0  0.00   3.9  16.0   3:30p    NE
 5  53.5  58.6   7:10p  47.7   4:00a  11.5   0.0  0.00   3.1  15.0   9:40a   SSW
 6  55.0  60.2   4:30p  48.7   6:00a  10.0   0.0  0.00   1.5   8.0   9:40a    SW
 7  57.1  60.3   1:40p  54.9   2:10a   7.9   0.0  0.00   5.1  16.0  12:00m   SSW
 8  57.5  60.0   9:30a  54.4  11:10p   7.5   0.0  0.25   7.2  33.0   5:50p   SSW
 9  54.9  59.5   3:40p  50.7  12:00m  10.1   0.0  0.24   5.1  25.0   4:10p     W
10  52.8  56.1   4:40p  49.8   4:20a  12.2   0.0  0.67   5.2  28.0   5:10p     S
11  57.4  63.8   2:00p  52.2  12:10a   7.6   0.0  0.16   6.8  23.0   7:30p     E
12  59.2  66.2   4:40p  51.7   2:50a   5.8   0.0  0.00   3.7  12.0   4:20a    NE
13  58.0  64.4   5:10p  53.0   1:00a   7.0   0.0  0.04   3.8  17.0  11:10p     S
14  58.2  63.2   4:20p  51.6   6:10a   6.8   0.0  0.00   7.3  20.0   6:00p    NE
15  58.6  64.8   4:30p  53.2   5:10a   6.4   0.0  0.00   6.4  18.0   2:40p    NE
16  58.4  64.0   4:40p  53.8  11:40p   6.6   0.0  0.00   6.1  23.0   5:30p    NE
17  58.9  66.6   3:30p  51.6   6:00a   6.1   0.1  0.00   4.6  16.0   2:20p    NE
18  56.4  60.0   7:30p  53.6   6:40a   8.6   0.0  0.00   5.5  22.0   9:20a   SSW
19  59.3  66.7   4:20p  53.8   5:40a   5.9   0.2  0.00   5.3  18.0   3:20p    NE
20  58.1  60.6   5:00p  56.8   5:00a   6.9   0.0  0.00   5.7  17.0   1:50p   SSW
21  59.5  64.7   3:10p  56.6   6:20a   5.5   0.0  0.01   3.2  12.0   7:10p   SSW
22  61.6  66.1   4:00p  58.9   3:10a   3.4   0.1  0.00   4.9  17.0   6:50p    NE
23  59.8  59.9   1:00a  59.6  12:10a   0.2   0.0  0.00   4.5  12.0  12:20a   ENE
24
25
26
27
28
29
30
-------------------------------------------------------------------------------------
    57.3  66.7    19    47.6     1   171.3   0.4  1.37   4.8  33.0     8      NE

Max >=  90.0:  0
Max <=  32.0:  0
Min <=  32.0:  0
Min <=   0.0:  0
Max Rain: 0.67 ON 06/10/18
Days of Rain: 5 (>.01 in) 4 (>.1 in) 0 (>1 in)
Heat Base:  65.0  Cool Base:  65.0  Method: Integration
Email: AdamSPAM@StormwatchersRetreat.com (To send me email remove the word 'SPAM' from my email address.)