Stormwatcher's Retreat Logo




  June 
  2021 

(Stormwatcher's Retreat has reports since Sep 2013)
                   MONTHLY CLIMATOLOGICAL SUMMARY for JUN. 2021

NAME: StormwatchersRetreat   CITY: Yachats   STATE: OR 
ELEV:    67 ft  LAT:  44° 18' 49" N  LONG: 124° 06' 28" W

                   TEMPERATURE (°F), RAIN  (in), WIND SPEED (mph)

                                      HEAT  COOL        AVG
    MEAN                              DEG   DEG         WIND                 DOM
DAY TEMP  HIGH   TIME   LOW    TIME   DAYS  DAYS  RAIN  SPEED HIGH   TIME    DIR
------------------------------------------------------------------------------------
 1  57.2  65.5   4:50p  49.9   6:20a   7.8   0.0  0.00   4.2  16.0   2:10p   ENE
 2  57.4  62.8   2:40p  53.2   1:40a   7.6   0.0  0.01   3.7  14.0   2:50p   ENE
 3  56.8  61.6   1:40p  52.7  10:20p   8.2   0.0  0.01   5.7  18.0   6:40p   ENE
 4  55.9  62.6   5:40p  50.8  12:00m   9.1   0.0  0.00   4.8  18.0   1:30a   ENE
 5  54.9  62.0   4:10p  49.9  12:00m  10.1   0.0  0.07   2.4  12.0   4:30a     S
 6  52.3  57.2   2:40p  47.6   5:00a  12.7   0.0  0.04   7.0  27.0   2:40p   SSW
 7  53.9  58.1   4:20p  49.0  12:00m  11.1   0.0  0.06   3.9  16.0  12:30a    SW
 8  53.6  60.0   6:20p  46.2   4:20a  11.4   0.0  0.00   5.5  14.0   4:20a   SSW
 9  55.6  64.7   4:40p  47.8   6:20a   9.4   0.0  0.00   3.2  12.0   3:10a   ESE
10  55.9  61.6   4:20p  49.8   6:10a   9.1   0.0  0.00   6.8  25.0  11:00a     N
11  56.0  60.2  12:10p  51.8   5:40a   9.0   0.0  0.10   9.5  33.0   4:00p     N
12  59.2  67.0   2:20p  52.0   6:00a   5.9   0.1  0.60   5.4  36.0  12:00m     N
13  58.8  61.2   1:10a  57.5  11:00p   6.2   0.0  0.96   7.8  29.0  12:20a     N
14  58.1  62.8   4:00p  55.3   6:40a   6.9   0.0  0.00  10.7  24.0  12:40p     N
15  58.7  64.0   7:10p  54.1  11:40p   6.3   0.0  0.05   7.3  23.0   8:50a     N
16  57.3  63.6   4:40p  49.6   6:10a   7.7   0.0  0.00   6.9  20.0   5:20p    NE
17  58.6  62.7   5:20p  55.8   1:50a   6.4   0.0  0.00   7.7  21.0   3:50p   ENE
18  58.1  61.7   2:30p  54.6  11:40p   6.9   0.0  0.00  10.4  25.0   9:00p   ENE
19  56.5  60.7   4:20p  52.5   5:10a   8.5   0.0  0.00   9.6  28.0   3:30p   ENE
20  55.6  58.5   3:00p  52.7   8:00a   9.4   0.0  0.00   8.1  26.0   4:10p   ENE
21  57.0  62.1   1:40p  53.2  11:40p   8.0   0.0  0.01   3.5  16.0  12:40a   ENE
22  54.7  56.8   9:30a  53.2   1:00a   4.2   0.0  0.01   1.7  10.0   1:10a     S
23
24
25
26
27
28
29
30
-------------------------------------------------------------------------------------
    56.5  67.0    12    46.2     8   181.9   0.1  1.92   6.2  36.0    12     ENE

Max >=  90.0:  0
Max <=  32.0:  0
Min <=  32.0:  0
Min <=   0.0:  0
Max Rain: 0.96 ON 06/13/21
Days of Rain: 7 (>.01 in) 2 (>.1 in) 0 (>1 in)
Heat Base:  65.0  Cool Base:  65.0  Method: Integration
Email: AdamSPAM@StormwatchersRetreat.com (To send me email remove the word 'SPAM' from my email address.)